t is the greatest common factor of 767 and 349856?
13
Calculate the greatest common divisor of 722 and 1176746.
38
What is the highest common factor of 30644 and 174736?
652
What is the greatest common factor of 1241 and 13441271?
1241
Calculate the highest common divisor of 2717331 and 306.
51
What is the greatest common divisor of 6035144 and 1036?
148
Calculate the greatest common factor of 3592806 and 242263.
4571
Calculate the highest common divisor of 571264584 and 264.
264
Calculate the greatest common divisor of 8 and 11504084.
4
What is the highest common factor of 6636624 and 132848?
5776
What is the highest common factor of 129219 and 168549?
57
Calculate the highest common factor of 2622672 and 18954.
702
Calculate the greatest common divisor of 5156704 and 6286.
14
Calculate the greatest common divisor of 1506 and 44667960.
1506
Calculate the highest common factor of 1196 and 434138731.
299
What is the greatest common divisor of 20678 and 12238?
422
What is the highest common factor of 877935 and 11347515?
8205
What is the highest common divisor of 80040540 and 1151?
1151
Calculate the greatest common factor of 48 and 33272256.
48
What is the highest common divisor of 11264 and 10789152?
352
Calculate the greatest common factor of 121838893 and 121.
121
Calculate the highest common divisor of 1718970 and 9350.
110
Calculate the greatest common factor of 7826404 and 551.
551
Calculate the highest common divisor of 554481733 and 169.
169
What is the greatest common divisor of 80649368 and 1128?
376
What is the highest common divisor of 1104755 and 3857?
551
What is the highest common factor of 1633 and 174145889?
71
What is the highest common divisor of 1393320 and 2380?
340
Calculate the highest common factor of 13 and 178550.
1
What is the greatest common factor of 397664 and 7561464?
5848
What is the greatest common divisor of 146430 and 102870?
90
Calculate the highest common factor of 17172 and 2694.
6
What is the highest common factor of 5184 and 22910688?
2592
Calculate the highest common divisor of 344745 and 215649.
1467
What is the highest common factor of 60 and 109446100?
20
What is the highest common divisor of 26544004 and 340?
68
What is the greatest common factor of 1577 and 32294221?
83
Calculate the greatest common factor of 8075837 and 931.
49
Calculate the greatest common factor of 695 and 64773305.
695
What is the highest common factor of 26910995 and 418055?
3455
What is the highest common factor of 37728 and 23958?
18
What is the greatest common divisor of 258433130 and 10?
10
Calculate the greatest common divisor of 33775 and 503923.
1351
What is the greatest common factor of 115410835 and 2105?
2105
Calculate the highest common divisor of 17967 and 626937.
159
What is the highest common divisor of 56667 and 38921511?
4359
Calculate the highest common factor of 410 and 304138.
82
Calculate the highest common divisor of 35561315 and 265.
5
What is the greatest common factor of 155457 and 141795?
207
Calculate the highest common factor of 7100 and 161951.
71
Calculate the greatest common factor of 340761 and 5244909.
3513
Calculate the greatest common factor of 255110 and 867900.
2630
Calculate the greatest common divisor of 507 and 118893359.
169
What is the greatest common factor of 93086 and 4056927?
427
What is the greatest common factor of 3180 and 1659748?
212
Calculate the greatest common factor of 17678270 and 30.
10
Calculate the greatest common factor of 119976102 and 36.
18
Calculate the greatest common divisor of 183005246 and 366.
122
Calculate the greatest common divisor of 18553507 and 160034.
3479
What is the greatest common divisor of 608 and 1475832?
8
What is the highest common factor of 2916788 and 8176?
2044
Calculate the highest common divisor of 149149 and 293083.
1043
Calculate the greatest common divisor of 148887 and 21669.
699
What is the highest common factor of 6508439 and 7?
7
Calculate the highest common factor of 2533 and 33556737.
149
What is the greatest common factor of 21726198 and 27?
27
What is the greatest common factor of 1761 and 46881929?
587
What is the greatest common factor of 11832 and 519833004?
5916
What is the greatest common divisor of 1742 and 1857518?
26
Calculate the greatest common factor of 1466825 and 1035.
115
What is the highest common factor of 478416 and 824?
8
Calculate the highest common divisor of 6850 and 709450.
50
Calculate the highest common factor of 89972522 and 2714.
118
Calculate the highest common factor of 18411 and 2008243.
361
Calculate the greatest common factor of 585 and 1066143.
39
What is the highest common divisor of 78531400 and 5024?
1256
Calculate the highest common divisor of 19568 and 992.
16
What is the greatest common divisor of 230 and 186493499?
23
What is the greatest common factor of 2025786 and 1094625?
2919
Calculate the greatest common factor of 39519090 and 48438.
2106
What is the highest common divisor of 37569179 and 1454?
727
What is the highest common factor of 5052812 and 13604?
716
Calculate the highest common divisor of 220604 and 405052.
524
Calculate the highest common factor of 49405241 and 964.
241
What is the highest common divisor of 44265815 and 55?
55
What is the highest common factor of 37002 and 762?
6
Calculate the greatest common divisor of 265597018 and 277.
277
Calculate the highest common factor of 346180181 and 1119.
373
Calculate the highest common factor of 35442 and 3366.
198
What is the highest common factor of 3641 and 3671452?
331
What is the highest common factor of 4506873 and 279?
93
Calculate the highest common factor of 674383 and 9047.
109
What is the greatest common factor of 251024390 and 3030?
1010
Calculate the highest common factor of 39533 and 27378.
13
Calculate the greatest common factor of 95965716 and 2807.
2807
Calculate the highest common divisor of 14155022 and 196.
98
Calculate the greatest common divisor of 1377 and 490671.
459
What is the highest common divisor of 63241949 and 6794?
3397
Calculate the greatest common factor of 53118271 and 15304.
1913
Calculate the highest common factor of 62399725 and 10700.
2675
Calculate the greatest common factor of 17958 and 45789907.
2993
What is the greatest common factor of 304 and 606726772?
76
What is the highest common divisor of 477 and 733491?
9
Calculate the highest common factor of 425 and 7078817.
17
What is the highest common divisor of 408 and 9682996?
68
Calculate the highest common divisor of 906693 and 9722055.
5241
Calculate the highest common factor of 4042483 and 10028.
109
What is the highest common factor of 364 and 19469156?
28
Calculate the greatest common divisor of 83589 and 120989.
187
What is the highest common divisor of 13041 and 745752?
483
What is the highest common factor of 735 and 27195910?
35
What is the greatest common divisor of 2631199 and 24505?
29
What is the highest common divisor of 2900 and 4246325?
725
Calculate the highest common factor of 2366172 and 10452.
804
What is the greatest common divisor of 5172 and 156202158?
2586
What is the greatest common factor of 2325590 and 84510?
3130
Calculate the greatest common factor of 143 and 3474302.
13
What is the greatest common factor of 315 and 16200240?
105
Calculate the highest common factor of 80747961 and 6972.
1743
Calculate the highest common factor of 4861877 and 16.
1
Calculate the greatest common factor of 1865968 and 1144.
104
What is the greatest common divisor of 139234225 and 25?
25
What is the highest common factor of 15212 and 4372?
4
What is the highest common factor of 17030832 and 56?
56
What is the greatest common factor of 60873 and 6204909?
591
Calculate the greatest common divisor of 814 and 958966.
74
Calculate the greatest common divisor of 15680 and 24395840.
2240
What is the highest common divisor of 225479205 and 348?
87
Calculate the highest common divisor of 106 and 15025553.
53
Calculate the greatest common divisor of 183282 and 3234.
66
What is the greatest common divisor of 8843 and 480815?
37
What is the greatest common divisor of 310 and 12597625?
155
What is the greatest common factor of 366 and 1180960?
122
Calculate the greatest common factor of 375 and 25723875.
375
Calculate the highest common fa